r) = r**3 + 5*r**2 + 5*r + 6. Let n be (-290)/(-14) + (-4)/(-14). Let f(w) = 2*w**2 + 5*w + 7. Let h be f(-2). Suppose n = -4*g + h. Calculate d(g).
2
Let l(g) = -2*g**2 - 1596*g - 1594*g + 3176*g - 10. Determine l(-6).
2
Let q be (0 - 3)/3*4. Let v(f) = -f**3 + 4*f**2 + 7*f - 4. Let g be v(5). Let d(i) = -1 + 4 + 3*i - g + i**2. Give d(q).
1
Let x = 26 - 18. Let j(f) = f**3 - 8*f**2 + 7*f + 3 - 10 + 9 - 8*f. Calculate j(x).
-6
Suppose 13*h = 41 - 15. Let r(j) = -3*j**2 + 3*j - 2. Give r(h).
-8
Let z(x) be the third derivative of 1/6*x**3 - 32*x**2 + 0 + 1/6*x**4 + 0*x. What is z(-5)?
-19
Suppose 4*k - 4*r - 4 = 0, k + 3*r = -k + 27. Let x(i) = -4*i + 1. Let c(u) = 7*u - 2. Let o(p) = k*c(p) + 10*x(p). Determine o(4).
6
Let j(a) = a**3 - 2*a**2 - 2*a. Suppose 0 = -2*x + 3*x + 2. Let l(y) = -12*y**2 + y - 2. Let b be l(x). Let z be ((-13)/b)/((-1)/(-12)). Give j(z).
3
Let z(q) = 10*q**3 - 2*q**2 + q - 2. Let f(d) = -40*d**3 + 9*d**2 - 5*d + 9. Let i(x) = 2*f(x) + 9*z(x). Suppose 13*a = 9*a - 4. Calculate i(a).
-9
Let v(l) be the first derivative of l**3/3 + l - 2. Suppose -3*b + 20 = 2*b. Suppose -b*t + 6*h = 3*h + 15, 2*h = -t - 1. Calculate v(t).
10
Let i(z) be the first derivative of 4*z**3/3 - z + 83. Suppose -7 = 2*h - 3. Let u be (-3)/(-12)*h*-2. Determine i(u).
3
Let s(i) = 6 + 1 - 2*i + 1 + i - 6. What is s(5)?
-3
Let u(q) be the third derivative of q**5/120 - 5*q**3/6 + q**2. Let d(g) be the first derivative of u(g). Determine d(1).
1
Let n(u) = -2*u - 8. Suppose -4*g + 2*a + 3*a - 36 = 0, 0 = -g - 5*a + 16. Calculate n(g).
0
Let p(z) = z**2. Suppose 4*j + 5*k + 36 = 0, 2*j + k - 18 = 4*j. Let l = j + 9. Give p(l).
0
Let b(c) = c**2 - 7*c - 6. Let z(p) = -p + 23. Let t be 4 + -12*(-2 - -1). Let n be z(t). What is b(n)?
-6
Let t(b) = b + 20. Let i be t(-16). Suppose -l - 1 = 0, -2*g - i*l = 23 - 1. Let n(m) = m**3 + 9*m**2 + m + 11. Calculate n(g).
2
Let u(s) = s**3 + 2*s**2 + 3*s + 3. Let w = 43 + -45. Determine u(w).
-3
Let k(b) = -b**3 - 8*b**2 - 2*b - 10. Let z(s) = s**3 - 14*s**2 + 2*s - 36. Let n be z(14). What is k(n)?
6
Let u(k) = -k**2 - 9. Let m(x) = 3*x**2 + x + 7. Let w(f) = -4*m(f) - 3*u(f). Calculate w(-1).
-6
Let s be -1 - ((-6 - -3) + 9). Let f(r) = -2*r**2 - 14*r. Give f(s).
0
Let d(w) = -4*w + 13. Let x(u) = 5*u - 14. Let n(k) = -4*d(k) - 3*x(k). Determine n(4).
-6
Suppose -5*x - 22 = 4*s, -2*x = 6*s - s + 19. Let c(w) = 23*w - 21*w - 3*w**2 - w**3 + 13 + 2*w**2 - 14. Determine c(x).
-1
Suppose 12*g = 4 + 44. Let u(d) = -d**2 + d + 7. Determine u(g).
-5
Let j(s) = -8*s - 2. Let z(i) = -7*i - 2. Let w(f) = 3*j(f) - 4*z(f). Suppose k = 8 + 9. Let n = k - 20. Give w(n).
-10
Let c(p) = -p**2 - p + 1. Let r(q) = -q**3 - 9*q**2 + 16*q - 2. Let z(v) = -3*c(v) - r(v). Calculate z(-13).
-1
Let o(b) be the second derivative of -b**5/24 + b**4/24 - 7*b**3/6 + 25*b. Let k(a) be the second derivative of o(a). Calculate k(-1).
6
Let q(d) = d. Let k(n) = 4*n - 4. Let c = -52 - -44. Let f(o) = c*q(o) + k(o). Calculate f(-5).
16
Suppose -3*r = -5*t + 552, r = -2*r + 3. Let x(h) = -57 + t - 51 + h**2 + 9*h. What is x(-5)?
-17
Let p(k) be the first derivative of 10 + 2*k + 1/2*k**2 - 2/3*k**3. Suppose -g = -3*g + 8, -g + 12 = 4*h. Calculate p(h).
-4
Let k(n) be the first derivative of -n**2 + 3*n + 1/3*n**3 + 3. Let m be 120/32 - 3/4. Calculate k(m).
6
Let u(f) = 21*f**2 - 2*f + 1. Let d be u(1). Suppose -6*i = -i - d. Let l(w) = -w + 1 - 2 - 5*w + 4*w. Calculate l(i).
-9
Let x(a) = 4*a + 4 - 4*a - a. Determine x(6).
-2
Let s(j) = j**3 + 4. Let f be s(0). Let r(z) = 1 - 10*z + f*z - 1 - 1. What is r(-2)?
11
Suppose -4*z + o = -2, -1 = -2*z + 3*o - 5. Suppose 0 = -2*l + 11 - 1. Let d(x) = 3*x - 6. Let q(t) = -t + 1. Let i(k) = l*q(k) + d(k). Give i(z).
-3
Let p(t) be the third derivative of -t**4/8 + 2*t**3/3 - t**2 - 6. Calculate p(-5).
19
Let s(u) be the third derivative of -7*u**2 + 0*u + 0 - 5/3*u**3 - 1/24*u**4 - 7/120*u**5. Let w(m) be the first derivative of s(m). Give w(-1).
6
Let z be (26/(-4))/((-3)/(1 - -5)). Let q(s) = -5*s - 3. Let t(w) = 11*w + 7. Let m(u) = z*q(u) + 6*t(u). What is m(-3)?
0
Let m(l) = -l - 2. Let k(i) be the third derivative of i**5/60 - i**4/3 - 2*i**3/3 + 5*i**2. Let s be k(8). What is m(s)?
2
Let m(n) = -n**2 - 3*n. Let w be m(-3). Let z(y) = 3*y + 5 - y + 0*y + 0*y - 3*y. Determine z(w).
5
Let o be (1 + -2)/(3/(-12)*1). Let u(b) be the third derivative of -1/6*b**4 + 3*b**2 + 0*b + 1/60*b**5 + 1/6*b**3 + 0. Determine u(o).
1
Let v(w) = 97*w**2 - 68*w + 14. Let d(a) = 32*a**2 - 24*a + 5. Let y(u) = 17*d(u) - 6*v(u). Give y(-1).
-37
Let d(m) = -2*m**2 - 7*m + 2. Let t be d(0). Let p(c) be the first derivative of -11 + 3/2*c**t - 5*c. Give p(-5).
-20
Let f(q) be the first derivative of -2 - 1/12*q**4 + q**3 - 3/2*q**2 + 9*q. Let t(j) be the first derivative of f(j). What is t(6)?
-3
Let o(v) = -v**3 - 17*v**2 + 3*v - 39. Let k(c) = -5*c + 1. Let i(y) = k(y) + o(y). Give i(-17).
-4
Let u = -193 - -188. Let n(a) = -4*a - 4. Let v(s) = -11*s - 13. Let z(d) = 8*n(d) - 3*v(d). What is z(u)?
2
Let f(c) = 5*c**3 - 8*c**2 + 12*c - 10. Let b(x) = -2*x**3 - 3*x**3 + 6*x - 4*x**2 - 5 + 7*x**3. Let d(w) = 7*b(w) - 3*f(w). Suppose 5 = -4*g + 3*g. Give d(g).
-10
Let a(q) = -11*q**2 - 1. Suppose -2*k - r + 8 - 2 = 0, -r + 2 = 0. Give a(k).
-45
Let o(a) = 3*a - a**2 + 12 - 4 + 4*a. Let y(d) = d**2 + 29*d - 87. Let v be y(3). Give o(v).
-10
Let a(f) = -2*f**3 - 2*f**2 - 4*f - 3. Let i = 1152 + -1154. What is a(i)?
13
Let z(o) = -30*o - 4 + 35*o + 3. Suppose 0 = 4*y - 39 + 11. Suppose 0 = 2*p - y*p - 10. Calculate z(p).
-11
Let x(w) = w - 9. Let r be x(10). Let v be (-15)/6*r*-2. Let z(q) = 364*q - 179*q - 183*q. Determine z(v).
10
Let b(t) be the first derivative of 1/4*t**4 + 4*t + 2*t**3 + 11 + 1/2*t**2. What is b(-6)?
-2
Suppose -3*q - v + 222 = q, -4*q - 4*v = -216. Let z = -55 + q. Let s(f) = 4*f**2 - 1. Give s(z).
3
Let o(n) = -n**2 + 8*n - 6. Let m be o(7). Let b(v) = 31*v - 30*v + 4 + m. Calculate b(-8).
-3
Let l be (336/(-105))/((-4)/10). Let r(t) = 4*t**2 - 78*t - t**3 + 88*t + 2 + 3*t**2. What is r(l)?
18
Let y(f) = 10*f + 27. Let l(t) = -3*t - 8. Let z(o) = 7*l(o) + 2*y(o). Give z(-1).
-1
Let l(y) = 3*y - 4. Let s(n) = -5*n + 5. Let u(c) = 4*l(c) + 3*s(c). What is u(5)?
-16
Let a(w) be the first derivative of 21*w**5/20 + w**3/6 - 9*w - 27. Let u(n) be the first derivative of a(n). Determine u(-1).
-22
Suppose -7*b - 25 = 3. Let s(f) = -6*f**2 + 9*f - 4. Let d(o) = 13*o**2 - 18*o + 7. Let u(x) = b*d(x) - 9*s(x). Determine u(6).
26
Let t(o) = 2*o - 5. Let l(d) = -d + d + 20 + 4*d. Let k be l(-6). Determine t(k).
-13
Let c(l) = -2*l**2 + 4*l - 52. Let q(n) = n**2 - 3*n + 27. Let z(i) = -6*c(i) - 11*q(i). Give z(-6).
-3
Let w(o) be the second derivative of o**3 - 9*o**2/2 - 172*o. Give w(3).
9
Let i(v) be the third derivative of -v**5/60 - v**4/2 + 17*v**3/6 - 4*v**2. Let r be (-3)/(-2)*(-86)/387*39. Calculate i(r).
4
Let r(h) be the second derivative of -h**4/12 - 5*h**3/6 - h**2 - 4*h. Let g(p) = -p**3 + 15*p**2 + p - 18. Let k be g(15). Determine r(k).
4
Let u be 3 + (-368)/60 + 18/135. Let g(f) = -f**3 + f**2 + 6*f - 12. Give g(u).
6
Let f be 3 + 4/(-3 - -7). Let w be ((-2)/f)/(10/(-80)). Let z(q) = -q**3 + 3*q**2 + 5. Determine z(w).
-11
Let u(y) be the first derivative of -y**5/24 + 5*y**3 + 3. Let n(h) be the third derivative of u(h). What is n(1)?
-5
Let z be 3 - -6*(-3)/6. Let n(t) = z*t**2 - 5*t - t**2 + 4*t - 5*t**2. Let a be n(-1). Let b(i) = -i - 2. Give b(a).
3
Let r(x) = x**3 - 4*x**2 - 3*x + 2. Let c be (-3)/((6/(-12))/(-1)) + 11. Calculate r(c).
12
Let p(o) = -18*o**3 + o. Suppose 7*u - 5 = 3*u - 3*v, 4*v - 10 = -2*u. What is p(u)?
17
Let k(r) = -12 + 10*r**2 - 3552*r**3 + 3553*r**3 + 2. What is k(-10)?
-10
Let v = -547 - -544. Let l(y) be the third derivative of -y**4/6 + 2*y**3/3 - y**2. Let j(g) = 3*g - 3. Let a(s) = 7*j(s) + 5*l(s). Give a(v).
-4
Let d(i) = 5 + i**2 - i - 3*i + 8*i. Let k be d(-4). Let l(z) = -z**3 + 6*z**2 - 5*z + 6. Give l(k).
6
Let k = 24 - 24. Let i(z) = 2739*z - 2739*z - 13 + z**2 + z**3 + 0*z**3. Calculate i(k).
-13
Let q(j) = 26*j**3 - j**2 + j - 1. Let v be (-729)/15 + (-2)/5. Let t = v + 50. What is q(t)?
25
Let u be (-1 + 3)*(-2)/(-4). Let j(d) = 2*d**3 - d**2. 